 + j + 1. Suppose -u + 0*u - 3 = 3*h, 0 = -4*u + 3*h + 63. Suppose 21 = -9*d + u*d. Suppose 11*b - 15 = d. Determine p(b).
-1
Let r(s) = 27*s**3 + 75*s**2 + 166*s - 29. Let l(j) = -37*j**3 - 100*j**2 - 220*j + 39. Let t(m) = 8*l(m) + 11*r(m). What is t(-22)?
-7
Let s(g) = -9*g + 6. Let l be ((-152)/456)/((2*-1)/18). Determine s(l).
-21
Let g(u) = 3*u**3 + 9*u**2 - 19*u - 10. Let v(n) = 4*n**3 + 12*n**2 - 27*n - 11. Let a(w) = 3*g(w) - 2*v(w). Give a(-4).
-12
Let c(r) = -3*r + 10. Suppose -4*f + 8 - 46 = 5*n, f - 3*n = -1. Let m be f/((-385)/(-10)) + (-90)/(-11). What is c(m)?
-14
Let i(m) be the first derivative of -m**4/8 + m**3/2 - 18*m**2 + 45. Let f(x) be the second derivative of i(x). Give f(-4).
15
Suppose 0 = -306*a + 309*a - 4*x - 59, 2*x - 43 = -a. Let l(f) = f**2 - 31*f + 63. What is l(a)?
5
Let g(x) = 5*x**2 + 33*x - 30. Let v(d) = 3*d**2 + 22*d - 20. Let y(s) = -5*g(s) + 8*v(s). Suppose -520*b - 199*b + 4974 - 660 = 0. Determine y(b).
20
Let r(t) = -2*t**2 - 6*t - 6. Let n(x) = -x**3 + 10*x**2 + 9*x + 22. Let b be n(11). Suppose b = -19*y + 16*y + 36. Suppose 48 = -y*o - 0*o. Calculate r(o).
-14
Let g(o) = -11*o**3 - 4*o**2 - 7*o + 66. Let z(b) = -19*b**3 + 2*b**2 - 12*b + 131. Let p(m) = -7*g(m) + 4*z(m). Calculate p(-36).
26
Suppose 4*f + 348 = 2*a, -5*a + 4*a + 170 = 2*f. Let j = a - 174. Let w(o) = -o + 2. What is w(j)?
4
Let t(n) = 8*n - 3 + 2*n**2 + 4 + 3*n - 4*n + 1. Determine t(-8).
74
Let i be 2760/140 + (-4)/(-14). Let p(s) = 7*s + 24 - s - i - 2*s. Determine p(-3).
-8
Let a(z) = 12*z - 6*z - 4*z - 2 - z**2. Let i be (21/18 - (-295)/354)*3/2. Give a(i).
-5
Suppose 14*s - 314 = -62. Let a(g) = -g**3 + 17*g**2 + 17*g + 24. Calculate a(s).
6
Let g(u) = -5*u**2 + 2*u - 1. Let c(j) = 10*j**2 - 4*j + 2. Let m(p) = -6*c(p) - 11*g(p). Suppose -3*l + 4*k - 35 = 0, -4*l - 74 = -2*k - 64. Give m(l).
-40
Let y = 976 + -445. Let n(h) = 0*h + y - 4*h - 518 + 5*h. Calculate n(-12).
1
Let n(h) = 3*h + 29. Let a(i) = -500*i**2 + i + 1. Let k be a(1). Let j = 489 + k. Calculate n(j).
2
Let r(u) = -34*u - 143. Let s(f) = 36*f - 292. Let h be s(8). Determine r(h).
-7
Let z(i) be the second derivative of 1/20*i**5 + 52*i - i**2 - 5/6*i**3 + 1/4*i**4 + 0. Calculate z(-4).
2
Let k be (-7 + (-33)/(-6))*-2. Let b(c) = 1 - 5 + k*c**2 - 28*c**3 - 2*c**2 + 27*c**3 + 4*c. Give b(4).
-36
Let g(o) = 2*o**3 - 2*o + 3. Let q(h) = -h**2 - 15*h + 88. Let p be q(10). Let j = p - -164. What is g(j)?
15
Let d(n) be the second derivative of n**4/12 + n**3/3 - 2*n**2 - 4*n + 5. Let w = -220 - -216. Determine d(w).
4
Let o(w) = -5*w**2 - 319*w - 254. Let a be o(-63). Let t(f) = -17*f - 10. Determine t(a).
24
Let u(c) = 8*c**2 + 40*c - 13. Let w(z) = -9*z**2 - 41*z + 12. Let r(j) = -4*u(j) - 3*w(j). Let p be r(-8). Let d(k) = k**2 + 9*k + 5. Determine d(p).
-3
Suppose -5*i + 2*o = -23, 27*i - 32*i - o = -26. Let v(n) = n**2 - 5*n + 4. Give v(i).
4
Let k(w) = 11*w**2 + 18*w + 5. Let j(a) = -4*a**2 - 6*a - 2. Let b(r) = 8*j(r) + 3*k(r). Suppose -310 - 110 = 7*u. Let d be 80/u*(-9)/(-2). Determine b(d).
-1
Let k(x) = -5*x**3 + 69*x**2 - 19*x + 36. Let i(a) = a**3 - 14*a**2 + 4*a - 7. Let n(f) = -19*i(f) - 4*k(f). Give n(10).
-11
Let d(b) = -2*b + 18*b**3 + 2*b + 1. Suppose 2*c - 29 = s, 4*s - c = c - 110. Let f be s/(-63) + 18/7 + -2. Determine d(f).
19
Let o(k) = -13*k + 38. Let z be -4 + 47/12 - 735/(-180). Give o(z).
-14
Suppose -4*y + y = -15. Let p(s) = 19*s - 38. Let b(q) = -11*q + 22. Let j(u) = 7*b(u) + 4*p(u). What is j(y)?
-3
Let t(q) = q**3 - 14*q**2 + 28*q - 22. Let x be 30 - -1 - (-58 + 77). Give t(x).
26
Let a(h) be the second derivative of -h**5/40 + 5*h**4/12 - h**3/3 - 13*h**2/2 - 2*h - 191. Let d(q) be the second derivative of a(q). Give d(7).
-11
Let o(x) = 3*x**2 - 12*x**2 + x**3 - 4*x**2 - 23 - 30*x + 21. Determine o(15).
-2
Let q(y) = 5*y - 33. Let z be (12 + -6)/(-8 + 78/9). What is q(z)?
12
Let k be 18/(-6) - (5 - 11). Let d(a) = 3*a + 2*a + k*a - 2*a - 11 - 2*a. Determine d(5).
9
Let v(b) = -5*b**2 - b + 1. Suppose -3*c + 42 = -3*k, -3*c + 12 = -4*k - 29. Suppose -4 = 11*s - c. Calculate v(s).
-5
Let o(l) = -l**3 + 2*l**2. Let v be 3336/16*(1 - 1 - -2). Let n = -415 + v. What is o(n)?
0
Suppose 44 = -4*w + 15*l - 17*l, 5*w + 5*l + 50 = 0. Let s(k) = 4*k + 42. Give s(w).
-6
Let x = -386975/24 + 16124. Let c(r) be the third derivative of 0*r - 2/3*r**3 + 13*r**2 + 0 + x*r**4. Calculate c(-6).
-10
Let i(p) = 13*p + 9. Suppose -45*c = -38*c - 7. Let a(x) = -3*x - 2. Let j(u) = c*i(u) + 6*a(u). What is j(3)?
-18
Suppose -18*l + 45 + 45 = 0. Suppose l*c + 6*c + 33 = 0. Let j(v) = 4*v + 7. Give j(c).
-5
Let s(y) = -41*y**2 - 780*y - 19. Let z be s(-19). Let m(o) = o**2 - o - 2. Let h(v) = -v**2 + v + 2. Let l(d) = -4*h(d) - 3*m(d). Determine l(z).
-2
Let u(j) = -9*j**2 - j + 13. Let s = -13436 + 13433. Determine u(s).
-65
Let q = 294 + -290. Let s(k) = -115*k + q + 124*k + 10*k**2 + k**3 + 0. What is s(-9)?
4
Let h(n) be the first derivative of n**3/3 - 5*n**2/2 + 3*n + 2. Let t(u) = -u**2 + 8*u - 9. Let b be t(6). Let x = 9 - b. Calculate h(x).
9
Let b(g) = 40*g - 205. Suppose 3*s - 22 = 5*d - 7, -2*d = 0. Let u be b(s). Let r(c) = -3*c - 20. Determine r(u).
-5
Let a be (7/4)/(35/(-20) + 2). Let s be (-4 + (a - 3))*1/2. Let w(y) be the second derivative of -y**4/12 + y**3/6 - 5*y**2/2 - 3*y. Calculate w(s).
-5
Let p(f) = 23*f + 19. Let j(r) = -34*r - 30. Let w(m) = -7*j(m) - 11*p(m). Give w(2).
-29
Let j(d) = 16*d + 2*d - 7 - 7111*d**2 + 3550*d**2 - d**3 + 3549*d**2. Determine j(-13).
-72
Let y(r) = -1. Let w(a) = -a - 6. Let h be -4*(-6)/16*2. Suppose 2*l = -h*l + 30. Let f(u) = l*y(u) - w(u). Calculate f(6).
6
Let r(a) = -11 + 129*a**2 - 127*a**2 - a + 2 + 8 + 3*a**3. Let g be 4/(-22) - (-258)/(-33). Let f = -10 - g. Give r(f).
-15
Let r(y) = y**3 + 24*y**2 - 53*y - 22. Let z = -20847 - -20821. What is r(z)?
4
Let h(s) = -s**2 + 15*s + 24. Let m be ((-4)/26 + (-1980)/(-3575))*45. Determine h(m).
-30
Let a(z) be the first derivative of -1/2*z**2 + 10*z + 13. Let d be a(12). Let i(s) = s**3 - 2*s**2 - s - 1. Determine i(d).
-15
Suppose -25 = -5*s - t, -2*t = -4*s + 3*t - 9. Suppose -r = 5*y - 1, -s*r - y - 11 = 4*y. Let u(m) = -m**2 + 2 + 3*m - 5*m - 2*m. Calculate u(r).
2
Suppose -4*o = 4*i - 22 - 6, -3*i = -5*o + 3. Let t(m) be the third derivative of 0*m**4 + 1/120*m**6 + 0*m - 4*m**2 + 1/2*m**3 + 0 - 1/15*m**5. Calculate t(i).
3
Let i(h) = h**2 - h + 12. Suppose 4*l - z - 43 = 0, -5*z = 2*l + 3*l - 35. Suppose -l*r - r = -5*r. Give i(r).
12
Let u(q) = -q - 7. Let i = -29 + 18. Let j be u(i). Suppose 4*m + j*c + 4 = 0, -3*c + 2 = 17. Let p(t) = 3*t - 1. Determine p(m).
11
Let m(x) = -4*x. Suppose 0 = 3*y + 34 - 7. Let t be y/(-2 + 5) - -6. Give m(t).
-12
Let f(m) be the first derivative of -m**4/4 + 4*m**3 - 23*m**2/2 + 43*m + 8538. Calculate f(10).
13
Let z(x) be the third derivative of -x**6/360 + 7*x**5/120 - x**4/6 - 47*x**3/6 + 24*x**2. Let w(i) be the first derivative of z(i). Determine w(6).
2
Let r(d) be the second derivative of -d**2 + 0 + 2/3*d**3 - 214*d. Give r(2).
6
Let s(m) = 94 - m**2 + 0*m**2 + 3*m**2 - 81*m - 39 + 65. Calculate s(39).
3
Let b(r) = -3*r**2 - 14*r + 23. Let p(m) = -5*m**2 - 24*m + 42. Let k(w) = -7*b(w) + 4*p(w). Determine k(6).
55
Let m(b) = 11*b**2 + 2*b + 3. Let d be m(-1). Let g(w) = 4*w**2 - 31*w**2 - d + w**3 + 36*w**2 - 10*w. Determine g(-10).
-12
Let k(r) = -r**3 - r + 6 + 0 - 5*r**2 + 2*r**3. Let x = -93 + 98. Suppose -8*n + 15 = -x*n. Calculate k(n).
1
Let g(k) be the third derivative of k**6/120 + 4*k**5/15 - 9*k**4/4 + 31*k**3/3 + 1059*k**2. Give g(-19).
5
Let x(z) = 9*z. Let j be x(3). Suppose -4*r = k - 85, 62 - 9 = 2*r - 3*k. Suppose 0 = -r*t + j*t + 15. Let y(l) = l**3 + 3*l**2 - 2*l - 3. Give y(t).
3
Let u be (-1*1/(-4))/((-3915)/(-140) - 28). Let p(f) = -f**3 - 13*f**2 - 35*f + 56. Give p(u).
7
Let k(h) = 2593*h - 12 - 2569*h - h**2 + 68. Give k(26).
4
Let g(t) = 10*t**2 + 30*t - 93. Let o(n) = 11*n**2 + 34*n - 97. Let b(z) = 10*g(z) - 9*o(z). Give b(10).
-17
Let v(i) = -3*i + 0*i + i - 1 + 0. Let f be (-6 - 0)*220/(-198) + (-4)/6. What is v(f)?
-13
Suppose 4 = -4*g + 20. Suppose 5*c = 6*c + g. Let v(o) = -o**2 - 5*o - 9. Let i be v(c). Let b(q) = -q - 5. Calculate b(i).
0
Let v(f) be the f